s x a prime number?
True
Suppose 0 = 165*z - 40239181 - 33997784. Is z a composite number?
False
Let i(h) = 7912*h - 137. Is i(33) a prime number?
True
Suppose -2*g + 2202 + 428 = 0. Let m = g - 1886. Is m/(-3) - 6/(-9) prime?
True
Suppose 3*s - 11*x - 447711 = -13*x, 0 = -2*x - 6. Is s prime?
True
Suppose 4*i + d - 24767 = 7545, -d = 4. Let f be -2*2/((-12)/i). Suppose 84 = t - f. Is t composite?
False
Let p(v) be the first derivative of v**3 + 39*v**2/2 - 13*v + 3. Let c = -1860 - -1881. Is p(c) a prime number?
True
Let b be (2 + -1)/(21/(-2986347)). Is (-2)/(-7) + b/(-273)*3 a prime number?
False
Suppose 4*t = -5*i + 294669, 31026 + 145773 = 3*i + 3*t. Is i a prime number?
True
Let k(u) be the third derivative of u**6/120 - u**5/20 - u**4/2 + 3*u**3/2 + 25*u**2. Let r be k(5). Is (5/2 - 3)*(-829 + r) prime?
False
Is 192/(-120) - 454689/(-15) composite?
True
Let t = 450 - 442. Is ((-83)/4)/(t/(-128)) + -3 a prime number?
False
Let k(a) = 9*a**2 + 9*a + 8. Let y be k(7). Suppose 14*h + 5*h + 6631 = 0. Let b = y + h. Is b a prime number?
True
Let s(l) be the first derivative of 2*l**4 - l**3 + 3*l**2/2 - 4*l + 1. Let k(g) = -g**2 + 10*g - 22. Let z be k(5). Is s(z) prime?
False
Let u = -60026 + 111577. Is u a prime number?
True
Let d be (-34)/(-14) - (-6)/(-14). Suppose 26*v + 18 = 32*v. Suppose v*y + 2949 = 3*g, -1962 = -d*g - 3*y + 4*y. Is g a composite number?
True
Suppose -5*d = -5*o - 2474230, -3*o + 330 = 339. Is d a composite number?
False
Suppose -4178344 = -2*w - 3*s, -48*s + 8356684 = 4*w - 44*s. Is w prime?
True
Let y(u) = 142*u**2 + 11*u - 7. Let v be y(-7). Suppose 0 = -3*p + 32329 - v. Is 18/81 - p/(-9) composite?
True
Suppose -16*l = 93 + 3. Is l/16*-4348*(-4)/(-6) composite?
False
Let z(g) = 1583*g - 59. Let v be z(12). Suppose 4*u - 32 = -12, 0 = -j + 2*u + v. Is j composite?
False
Is (16/24*(0 + 116211))/(2/5) prime?
False
Let j(y) = 147*y - 464. Is j(23) prime?
True
Suppose 6*v + 8 = 2*v, v = y - 18. Is (-1)/4 + 173300/y a prime number?
True
Suppose -2*r + 4*r = -3*c - 2, 4*r - 8 = 0. Let y be (1 + (-5)/2)*c. Suppose -y*s + 1378 = -s. Is s composite?
True
Suppose -12*k + 28936 = -9*k - 5*o, -5*o - 25 = 0. Is k a composite number?
True
Suppose 14*v - 41626 = -44262 + 118374. Is v a composite number?
True
Let a(i) = i**2 - 4*i + 29. Suppose -3*u + 45 + 15 = 0. Let d be a(u). Is d/(28/(-10) - -3) composite?
True
Is 27255759/101 + (-8)/1 composite?
False
Suppose -1130085 - 468755 = -15*s - 25*s. Is s composite?
False
Suppose -11*g + 215561 + 176094 = 0. Let l = g - 24122. Is l a prime number?
True
Let u(l) = 535*l**2 - 57*l + 863. Is u(18) composite?
False
Let j be (-1)/((-70252)/11708 + 6). Suppose 4*o - j = 4461. Is o prime?
True
Let f(q) = 23652*q + 71. Let n be f(7). Suppose 8*g = 33285 + n. Is g a prime number?
False
Suppose 4*d - 26 = -5*p, -2 = p - 6*p + 2*d. Suppose 3*q - 3*m - p = 7, q - 2*m = 6. Suppose -3*k + 981 - 159 = q. Is k a composite number?
True
Suppose 85529055 = 274*r - 97*r. Is r a prime number?
False
Is (1 - (11 - 2) - -1)*1 + 92738 a composite number?
True
Suppose 1024250 = 11*i - 1014628 + 787397. Is i a composite number?
True
Let a(h) = h + 40*h**2 - 63 + 3*h**3 - 4*h**3 - 11*h**2. Is a(20) composite?
False
Let u(h) = 4*h**2 - 17*h - 35. Let j be u(19). Suppose 0*g - 528 = -3*g. Let r = j + g. Is r a prime number?
False
Let a(i) = 19 + 27 + 13*i - 57. Suppose 3 + 15 = 3*q. Is a(q) a prime number?
True
Let w(u) = 22 + u**2 + 25 + 7 + u**3 - 20. Let a be (-12 + 12)*(-2)/4. Is w(a) prime?
False
Let i(p) = -10*p**3 + 31*p**2 + 84*p - 159. Is i(-24) a prime number?
False
Suppose -9*w - 132970 + 387310 = 0. Suppose -v = -5*v + w. Suppose -4*f + 2947 = -v. Is f a prime number?
True
Suppose 153 = -3*i + 4*t + 439, 0 = -5*i - 5*t + 430. Suppose -22*g + 13*g = -i. Suppose -5*u - g = 0, -2*u + 1759 + 10204 = 3*v. Is v a composite number?
False
Suppose 0 = z - 18*a + 17*a - 379830, 6*z = -4*a + 2279050. Is z composite?
False
Let l(s) = -31057*s + 3492. Is l(-13) a composite number?
False
Let n(a) = 7*a**2 + 6*a + 6. Let i = -41 + 41. Let d = 5 - i. Is n(d) a prime number?
True
Let a(k) = k + 3. Let b be a(25). Let m be 10/(-85) - (-614)/17. Is 11358/m*b/2 composite?
True
Suppose -59*o + 58*o - 4 = 0. Is (o/2)/((-32)/32816) - 0 a prime number?
False
Is (36/(-360))/((-1)/(-2))*-381665 composite?
False
Is 62088581/27 - (-70)/(-945) a composite number?
True
Suppose -5*n + 2*l = -485880, -4*l - 485870 = n - 6*n. Suppose 24*u - 218782 = n. Is u a prime number?
False
Let f = 333 + -229. Let i = 305 + f. Is i prime?
True
Let y = -241 + 245. Suppose -111 = -k - y*h, -h + 38 - 371 = -3*k. Is k a prime number?
False
Let w(d) = -4*d + 2*d**2 + 7 - d**2 + 2*d - 4*d**3 - 2. Let y be w(5). Let v = -181 - y. Is v prime?
False
Let j = 6275 + -1564. Is j prime?
False
Suppose 12*m - 14*m = 2*y - 470810, -235357 = -y + 5*m. Is y prime?
True
Let f(p) = p**2 + 10*p + 21. Let s = 13 - 22. Let v be f(s). Suppose -v*j - 465 = -15*j. Is j a composite number?
True
Suppose 5 = -x, 14*x = 3*q + 13*x - 17. Let w(f) = 43*f**2 + 14*f - 1. Is w(q) a prime number?
True
Let v be ((72/(-15))/1)/((-12)/40). Is (835/(-2))/(v/(-32)) a composite number?
True
Let u = 48 + -41. Let m be 0 + 2 - u/7. Suppose 0 = -2*b - 2*k + 112, k + 0 - m = 0. Is b a prime number?
False
Suppose 2*a = -5*k + 346767 + 716914, 0 = 2*k + 18. Is a prime?
True
Suppose 12 = 7*k - 2. Suppose -4*r - 3606 = -k*h, -12*h - 5*r + 3597 = -10*h. Is h prime?
True
Let q = -1727 + 3126. Suppose -2*y = -y - q. Is y composite?
False
Suppose -2*j - 2815609 = -3*y, -3754136 = -136*y + 132*y + 5*j. Is y composite?
True
Let i = -68 + 88. Suppose i*h - 21*h = -4955. Is h composite?
True
Suppose 0 = -4*s + 4*t - 20, 5*s + 28 = -0*t + 4*t. Let g(h) = h + 0*h - 86*h**2 - 13 + 106*h**2 + 0*h. Is g(s) a prime number?
True
Let a be (-2 - -7) + (0 - 10). Let b(m) = 4*m**2 - 18*m + 1. Is b(a) a prime number?
True
Let m be 3*1/12 + 994213/76. Let n = m - 4275. Is n a composite number?
False
Let n(x) = x**2 + 2*x - 39. Let h = 58 + -65. Let a be n(h). Is 3246/(-8)*a/3 a prime number?
True
Let h(o) = -2*o**3 + 21*o**2 - 7. Let m(j) = 2*j**3 - 22*j**2 + 6. Let p(a) = -3*h(a) - 2*m(a). Let d be p(13). Suppose 6*l = -2*l + d. Is l a composite number?
False
Let j(u) = -u**3 + 22*u**2 - 17*u + 5. Let k = 240 + -219. Is j(k) composite?
False
Let z(c) = -2*c**2 - 40*c + 91. Let h be z(-22). Suppose -h*u = -21*u + 209970. Is u a composite number?
True
Suppose 628*h - 392978355 = 168*h - 53067335. Is h prime?
True
Let y = 106759 - 27090. Is y a composite number?
False
Is (32/(-24))/(3/(-18)) - (-380903 - -2) a composite number?
False
Let j = 24 + -46. Let g be (j/10 - 2/(-10)) + 125. Let w = g + 8. Is w composite?
False
Suppose 143*d + 1391503 = 162*d. Is d composite?
False
Suppose 0*d = -5*d - h + 32, d - 19 = 4*h. Suppose j + d*j - 3600 = 0. Let l = j - 69. Is l a prime number?
False
Suppose -3*j + 403920 = s - 492911, s - 2*j - 896801 = 0. Is s composite?
True
Suppose l - 71 = -68, -34988 = -d + l. Is d composite?
True
Let a = -85367 + 1041900. Is a a composite number?
True
Suppose 0 = -l + 24 - 17. Let x = 1905 - l. Let i = x - -824. Is i a prime number?
False
Let v = -215 - -217. Suppose 5*w = 3*s - 4741, s + 0*w - 2*w = 1580. Suppose 16*l = v*l + s. Is l a prime number?
True
Let r(m) = -4*m + 2. Let o be r(-1). Suppose o*s + 4545 = 9*s. Suppose 0 = 4*l + w - s, -4*w = -0*w + 4. Is l a prime number?
True
Let p be (-25790)/(1 - 0) + 48/(-12). Let w = -12701 - p. Is w composite?
False
Suppose -n + 481969 = 4*y, 155*y - 157*y = 4*n - 1927974. Is n a composite number?
False
Let u = 342721 - 230724. Is u a prime number?
True
Let m(o) = -35*o + 2. Let h(s) = -s. Let c(q) = 2*h(q) - m(q). Let g be c(11). Let n = 840 - g. Is n composite?
False
Suppose 21*c - 2 = 20*c. Suppose c*x - k - 12357 = 16042, -3*k - 42606 = -3*x. Is x composite?
False
Is (-11 - -280)*6 + -11 a composite number?
True
Suppose 0 = 5*x - 6785 + 356 - 1976. Is x composite?
True
Suppose -4*f - 15564 = -5*q, 0 = 5*q + 2*f - 3*f - 15561. Suppose -3*d = w - 10113 + q, 0 = -2*d - w + 4668. Is d a prime number?
True
Let n = 114140 + -66510. Suppose n = 5*c + 5*f, 5*c - 5*f = -0*c + 47580. Is c a prime number?
True
Is (88/33 - 2) + 5620325/15 composite